f 40?
False
Does 8 divide 723904?
True
Does 892 divide 1709964?
True
Does 19 divide 3078429?
False
Is 109781 a multiple of 37?
False
Is 116 a factor of 432080?
False
Does 833 divide 8352219?
False
Does 62 divide 231772?
False
Is 880514 a multiple of 487?
False
Does 89 divide 488699?
True
Does 62 divide 62188?
False
Is 28 a factor of 1193332?
True
Does 521 divide 154614?
False
Does 17 divide 64634?
True
Is 61 a factor of 4410600?
False
Does 3 divide 697542?
True
Is 43516 a multiple of 43?
True
Is 7 a factor of 1520243?
False
Is 205738 even?
True
Does 9 divide 4032?
True
Does 17 divide 4021452?
True
Is 114 a factor of 7818234?
True
Is 2148815 a multiple of 14?
False
Is 145368 a multiple of 69?
False
Is 167550 a multiple of 5?
True
Is 6292736 a multiple of 25?
False
Does 73 divide 12651995?
True
Is 911722 a multiple of 2?
True
Does 46 divide 129268?
False
Does 704 divide 17172224?
False
Is 262031 a multiple of 23?
False
Is 16536 a multiple of 104?
True
Is 52480 a multiple of 128?
True
Is 352440 a multiple of 110?
True
Is 512380 a multiple of 55?
True
Is 544595 a multiple of 215?
True
Is 41 a factor of 5869993?
False
Is 32182 a multiple of 124?
False
Is 14 a factor of 214519?
False
Is 6948962 a multiple of 382?
True
Is 13 a factor of 67404?
False
Does 299 divide 3820024?
True
Does 3 divide 8860?
False
Is 14 a factor of 91462?
True
Is 2 a factor of 1578?
True
Is 16400 a multiple of 2?
True
Does 639 divide 1113590?
False
Is 6 a factor of 12388?
False
Is 11973166 a multiple of 1044?
False
Is 73700 a multiple of 44?
True
Is 787500 a multiple of 525?
True
Is 426240 a multiple of 18?
True
Does 24 divide 892194?
False
Is 140343 a multiple of 287?
True
Does 115 divide 155020?
True
Does 624 divide 3269713?
False
Is 18 a factor of 462780?
True
Is 130 a factor of 899210?
True
Is 141 a factor of 1472745?
True
Is 9 a factor of 1044?
True
Is 78570 a multiple of 10?
True
Is 349329 a multiple of 248?
False
Is 43 a factor of 269223?
True
Is 1259648 a multiple of 52?
True
Is 50 a factor of 1241450?
True
Is 536053 a multiple of 67?
False
Is 199100 a multiple of 50?
True
Does 5 divide 11915405?
True
Is 995124 a multiple of 64?
False
Is 302 a factor of 112646?
True
Is 69 a factor of 15144?
False
Does 572 divide 2063204?
True
Does 17 divide 75990?
True
Does 39 divide 1039662?
True
Does 5 divide 9689214?
False
Is 38 a factor of 773148?
True
Is 1162559 a multiple of 37?
False
Does 12 divide 2837568?
True
Is 432900 a multiple of 90?
True
Is 1410018 a multiple of 15?
False
Is 137170 a multiple of 86?
True
Is 36 a factor of 108576?
True
Does 12 divide 131027?
False
Is 4 a factor of 521234?
False
Is 152 a factor of 146215?
False
Is 222 a factor of 272673?
False
Does 176 divide 655986?
False
Does 192 divide 416311?
False
Is 4906360 a multiple of 20?
True
Does 24 divide 723393?
False
Is 7 a factor of 2544080?
True
Does 548 divide 4162608?
True
Does 19 divide 64923?
True
Does 10 divide 111950?
True
Is 206 a factor of 3139068?
False
Is 290 a factor of 1291950?
True
Does 22 divide 139914?
False
Does 13 divide 66981?
False
Is 7 a factor of 5796?
True
Is 22 a factor of 1216941?
False
Is 352 a factor of 839264?
False
Is 829 a factor of 633356?
True
Is 355 a factor of 8710271?
False
Is 17256057 a multiple of 93?
True
Is 83 a factor of 50067?
False
Is 153153 a multiple of 221?
True
Does 15 divide 672510?
True
Is 239 a factor of 110657?
True
Is 11 a factor of 19761238?
False
Is 82 a factor of 968584?
True
Is 5 a factor of 26005?
True
Is 105 a factor of 1776075?
True
Is 634925 a multiple of 316?
False
Is 5 a factor of 148515?
True
Is 33566178 a multiple of 1067?
False
Does 294 divide 2440494?
True
Does 10 divide 3858369?
False
Is 2112 a multiple of 32?
True
Is 24 a factor of 1565904?
True
Does 70 divide 13942982?
False
Does 27 divide 3201957?
True
Does 326 divide 765122?
True
Is 117 a factor of 501762?
False
Does 14 divide 620536?
True
Is 59834 a multiple of 7?
False
Is 29 a factor of 126875?
True
Is 23 a factor of 86638?
False
Is 691076 a multiple of 320?
False
Is 65 a factor of 291335?
False
Is 211 a factor of 813827?
True
Does 6 divide 72570?
True
Is 98 a factor of 121324?
True
Is 86 a factor of 1138579?
False
Is 7107949 a multiple of 448?
False
Does 37 divide 1692425?
False
Is 140 a factor of 56719?
False
Is 22 a factor of 7727019?
False
Does 6 divide 36138?
True
Is 348 a factor of 3013332?
True
Is 14739747 a multiple of 53?
False
Does 31 divide 44558?
False
Does 65 divide 1294493?
False
Is 391347 even?
False
Does 38 divide 66386?
True
Does 9 divide 90090?
True
Is 45 a factor of 2923?
False
Is 521020 a multiple of 545?
True
Does 73 divide 16795621?
True
Is 119 a factor of 1718466?
False
Does 24 divide 399788?
False
Is 454388 a multiple of 17?
False
Is 408 a factor of 319552?
False
Does 193 divide 2318702?
True
Does 14 divide 646505?
False
Does 36 divide 627804?
True
Is 2 a factor of 246552?
True
Is 43976 a multiple of 184?
True
Does 41 divide 206071?
False
Is 12186 a multiple of 15?
False
Is 379 a factor of 1183581?
False
Is 105171 a multiple of 35?
False
Is 136 a factor of 215288?
True
Does 13 divide 486759?
True
Is 187 a factor of 103383?
False
Is 1335590 a multiple of 22?
False
Does 91 divide 1078918?
False
Is 383799 a multiple of 72?
False
Does 325 divide 7617675?
True
Is 20 a factor of 23440720?
True
Is 153 a factor of 267375?
False
Is 19424928 a multiple of 24?
True
Is 2781002 a multiple of 524?
False
Does 29 divide 457911?
False
Is 27298 a multiple of 343?
False
Does 7 divide 290689?
True
Is 370 a factor of 657860?
True
Does 3 divide 1968670?
False
Is 155 a factor of 886445?
True
Is 190034 a multiple of 11?
False
Does 103 divide 26265?
True
Does 217 divide 447888?
True
Does 15 divide 8898?
False
Is 296 a factor of 533516?
False
Is 513856 a multiple of 434?
True
Does 13 divide 771875?
True
Is 55 a factor of 1070300?
True
Is 3148 a multiple of 43?
False
Is 29 a factor of 1623217?
True
Is 135 a factor of 884115?
True
Does 118 divide 8523808?
False
Does 225 divide 1680750?
True
Does 133 divide 42626?
False
Is 45 a factor of 811305?
True
Is 1540804 a multiple of 15?
False
Does 138 divide 242598?
False
Is 49 a factor of 6246716?
True
Is 11 a factor of 142401?
False
Does 104 divide 73736?
True
Is 6 a factor of 17625?
False
Does 103 divide 75709?
False
Does 393 divide 4432961?
False
Is 655595 a multiple of 335?
True
Is 656 a factor of 1270676?
False
Does 4 divide 53739?
False
Does 491 divide 1663486?
False
Does 25 divide 52175?
True
Does 4 divide 71282?
False
Does 326 divide 2488282?
False
Does 354 divide 6969267?
False
Does 15 divide 208470?
True
Does 1567 divide 5117822?
True
Does 23 divide 3318164?
True
Does 6 divide 14195785?
False
Is 93 a factor of 88815?
True
Is 1398815 a multiple of 145?
True
Does 2 divide 337299?
False
Does 49 divide 144256?
True
Is 1534590 a multiple of 85?
True
Does 389 divide 4540797?
True
Is 57 a factor of 59907?
True
Does 1075 divide 2087759?
False
Is 11618 a multiple of 3?
False
Is 26340 a multiple of 275?
False
Is 2412641 a multiple of 77?
True
Does 5 divide 3460523?
False
Is 300 a factor of 30505113?
False
Is 118040 a multiple of 454?
True
Does 310 divide 1594020?
True
Does 242 divide 4150784?
True
Is 12545733 a multiple of 7?
False
Does 3 divide 169215?
True
Is 111166 a multiple of 79?
False
Does 7 divide 126862?
False
Is 325934 a multiple of 8?
False
Does 88 divide 19691659?
False
Is 1324968 a multiple of 7?
False
Does 75 divide 1820100?
True
Is 558075 a multiple of 175?
True
Is 65246 a multiple of 646?
True
Does 1517 divide 3587660?
False
Is 20 a factor of 195800?
True
Is 18 a factor of 7684504?
False
Is 192350 a multiple of 25?
True
Is 82 a factor of 7626?
True
Is 85 a factor of 5262152?
False
Does 191 divide 227314?
False
Is 37 a factor of 312704?
False
Does 29 divide 112213?
False
Does 192 divide 892626?
False
Is 5643360 a multiple of 8?
True
Is 96432 a multiple of 12?
True
Is 1113007 a multiple of 52?
False
Does 42 divide 32634?
True
Is 288801 a multiple of 16?
False
Is 24 a factor of 4848?
True
Is 529290 a multiple of 90?
True
Is 269325 a multiple of 405?
True
Is 3 a factor of 64824?
True
Is 62 a factor of 655499?
False
Does 259 divide 331002?
True
Is 335366 a multiple of 32?
False
Is 49 a factor of 244216?
True
Is 18 a factor of 7524?
Tr